 1072992?
96
What is the greatest common factor of 65918 and 230?
46
Calculate the highest common divisor of 5228796 and 12.
12
Calculate the greatest common factor of 3813 and 451.
41
What is the highest common factor of 73100 and 50?
50
What is the highest common divisor of 33743 and 105344?
823
Calculate the highest common factor of 49 and 3374.
7
Calculate the highest common divisor of 25396 and 8.
4
What is the highest common factor of 391852 and 59984?
652
What is the greatest common factor of 59212 and 1243?
113
What is the highest common factor of 18 and 4082706?
18
What is the greatest common divisor of 1287 and 7007?
143
What is the highest common divisor of 101751 and 1482?
39
What is the highest common divisor of 2240 and 5160?
40
Calculate the greatest common divisor of 15192 and 768.
24
What is the greatest common factor of 74168 and 71120?
1016
What is the highest common divisor of 7304 and 264?
88
Calculate the greatest common factor of 397365 and 5310.
885
Calculate the greatest common divisor of 153890 and 220.
110
What is the highest common divisor of 46950 and 90?
30
What is the greatest common factor of 233079 and 2541?
231
Calculate the highest common factor of 174801 and 33.
33
What is the highest common divisor of 9 and 76689?
9
Calculate the greatest common divisor of 79578 and 36.
18
What is the highest common divisor of 14 and 45367?
7
What is the highest common factor of 8639 and 1304?
163
What is the greatest common factor of 10 and 200810?
10
Calculate the greatest common factor of 145 and 1102.
29
What is the greatest common divisor of 27346 and 4?
2
What is the highest common divisor of 310 and 4960?
310
Calculate the greatest common divisor of 140 and 1156120.
140
Calculate the highest common divisor of 1300 and 76336.
52
What is the highest common factor of 9 and 27592?
1
What is the greatest common factor of 84 and 8916?
12
Calculate the greatest common factor of 1537 and 29521.
53
What is the greatest common factor of 328 and 176874?
82
Calculate the highest common divisor of 294 and 10486.
98
What is the greatest common factor of 737 and 140536?
11
Calculate the greatest common divisor of 379778 and 28.
14
Calculate the highest common divisor of 330 and 4060.
10
What is the greatest common divisor of 21 and 29519?
7
What is the highest common divisor of 162 and 5520?
6
What is the highest common factor of 306692 and 4?
4
What is the highest common divisor of 736 and 536360?
184
What is the greatest common divisor of 3296 and 35947?
103
What is the highest common divisor of 430 and 190490?
430
Calculate the greatest common factor of 996 and 12.
12
What is the greatest common divisor of 13 and 210158?
13
What is the greatest common factor of 4018 and 2618?
14
What is the highest common divisor of 14378 and 1456?
182
What is the highest common factor of 4864 and 448?
64
Calculate the greatest common factor of 22578 and 4134.
318
Calculate the highest common divisor of 390200 and 75.
25
What is the greatest common divisor of 67149 and 891?
81
Calculate the greatest common divisor of 289824 and 2592.
96
Calculate the greatest common factor of 29536 and 781.
71
What is the greatest common factor of 9310 and 14994?
98
What is the highest common factor of 86999 and 33?
11
Calculate the highest common divisor of 4428 and 6519.
123
What is the greatest common divisor of 105 and 4790?
5
What is the highest common divisor of 306787 and 299?
13
What is the highest common factor of 1 and 31723?
1
What is the greatest common factor of 320 and 5024?
32
What is the greatest common divisor of 142260 and 80?
20
What is the greatest common factor of 99 and 1229811?
33
Calculate the highest common divisor of 162 and 115398.
54
Calculate the highest common divisor of 3818 and 16102.
166
Calculate the greatest common factor of 1752 and 5948040.
1752
Calculate the greatest common divisor of 419 and 3123645.
419
What is the highest common divisor of 126 and 2051?
7
What is the highest common factor of 165 and 346335?
165
Calculate the greatest common factor of 1004112 and 144.
144
What is the highest common divisor of 19350 and 111150?
450
What is the greatest common divisor of 4344 and 548792?
1448
What is the greatest common factor of 682 and 7634?
22
What is the highest common divisor of 476 and 346472?
28
Calculate the highest common divisor of 14 and 19271.
7
What is the greatest common divisor of 1458 and 169614?
486
Calculate the highest common factor of 2628475 and 8225.
1175
Calculate the highest common factor of 309491 and 2506.
1253
Calculate the highest common factor of 969096 and 4.
4
What is the highest common divisor of 4786971 and 21?
21
What is the greatest common divisor of 34 and 366979?
17
Calculate the greatest common divisor of 2531434 and 142.
142
What is the highest common divisor of 169 and 5135?
13
What is the highest common factor of 1296 and 108216?
648
What is the greatest common divisor of 56 and 16772?
28
Calculate the greatest common factor of 479298 and 666.
222
Calculate the highest common factor of 1368408 and 8040.
1608
What is the greatest common divisor of 5 and 32276?
1
Calculate the greatest common divisor of 206960 and 2985.
995
What is the greatest common divisor of 389469 and 591?
591
Calculate the highest common factor of 7100 and 8165.
355
What is the greatest common factor of 624 and 81419?
13
Calculate the greatest common factor of 371 and 40598.
53
Calculate the highest common factor of 5688 and 725931.
711
Calculate the greatest common factor of 1110 and 2872125.
555
Calculate the highest common divisor of 33796 and 1309.
119
What is the greatest common factor of 20564 and 8?
4
What is the greatest common divisor of 65 and 3614?
13
What is the greatest common factor of 83330 and 230?
10
What is the greatest common factor of 916665 and 230?
115
Calculate the highest common factor of 6 and 23265.
3
What is the greatest common divisor of 89882 and 65?
13
Calculate the greatest common divisor of 1570 and 4492555.
785
What is the highest common divisor of 1820 and 4256?
28
What is the greatest common divisor of 4560 and 197280?
240
Calculate the greatest common divisor of 42867 and 693.
99
What is the highest common divisor of 7844 and 5989?
53
What is the highest common factor of 13257 and 999?
27
Calculate the highest common factor of 543232 and 1061.
1061
Calculate the greatest common divisor of 3675 and 4923275.
1225
What is the highest common factor of 386766 and 36?
18
What is the highest common divisor of 1164 and 29040?
12
Calculate the greatest common factor of 203 and 38831.
29
What is the highest common divisor of 12730 and 3618?
134
What is the greatest common factor of 169 and 527?
1
Calculate the greatest common factor of 2396020 and 80.
20
Calculate the greatest common divisor of 255272 and 2992.
136
Calculate the highest common factor of 588 and 4140.
12
Calculate the greatest common divisor of 29214 and 21.
3
Calculate the highest common divisor of 3 and 524880.
3
What is the greatest common factor of 96400 and 540?
20
What is the highest common divisor of 62190 and 810?
90
Calculate the highest common factor of 1258 and 16303.
17
Calculate the highest common factor of 8866 and 1430.
286
Calculate the highest common factor of 1782 and 4906.
22
Calculate the greatest common factor of 2433042 and 236.
118
What is the greatest common factor of 205272 and 2232?
72
Calculate the highest common divisor of 293009 and 2599.
113
Calculate the greatest common factor of 3395760 and 5.
5
Calculate the highest common factor of 30015 and 1863.
207
Calculate the greatest common factor of 380 and 47924.
4
Calculate the greatest common factor of 920903 and 79.
79
What is the highest common divisor of 70 and 37506?
14
Calculate the highest common factor of 1710 and 21270.
30
Calculate the greatest common divisor of 50312 and 874.
38
What is the greatest common factor of 78 and 6266?
26
Calculate the highest common divisor of 404215 and 21.
7
Calculate the highest common factor of 178203 and 14898.
573
What is the greatest common factor of 1081600 and 62192?
2704
Calculate the highest common divisor of 315307 and 23.
23
What is the highest common divisor of 40990 and 130?
10
What is th